{"id":1204,"date":"2020-10-13T10:55:57","date_gmt":"2020-10-13T10:55:57","guid":{"rendered":"http:\/\/www.grafas.org\/demo01\/?page_id=10"},"modified":"2024-09-10T15:11:52","modified_gmt":"2024-09-10T14:11:52","slug":"home","status":"publish","type":"page","link":"https:\/\/www.madreselva.nl\/","title":{"rendered":"\u00a0"},"content":{"rendered":"\n<div class=\"wp-block-columns is-layout-flex wp-container-core-columns-is-layout-9d6595d7 wp-block-columns-is-layout-flex\">\n<div class=\"wp-block-column is-layout-flow wp-block-column-is-layout-flow\" style=\"flex-basis:100%\">\n<div class=\"wp-block-columns is-layout-flex wp-container-core-columns-is-layout-9d6595d7 wp-block-columns-is-layout-flex\">\n<div class=\"wp-block-column is-layout-flow wp-block-column-is-layout-flow\" style=\"flex-basis:100%\">\n<div class=\"wp-block-cover alignfull is-light has-custom-content-position is-position-top-right\"><span aria-hidden=\"true\" class=\"wp-block-cover__background has-background-dim\" style=\"background-color:#81b0c5\"><\/span><img loading=\"lazy\" decoding=\"async\" width=\"2560\" height=\"1705\" class=\"wp-block-cover__image-background wp-image-1597\" alt=\"\" src=\"https:\/\/www.madreselva.nl\/wp-content\/uploads\/2024\/09\/DJI_0557-HDR-scaled.jpg\" data-object-fit=\"cover\" srcset=\"https:\/\/www.madreselva.nl\/wp-content\/uploads\/2024\/09\/DJI_0557-HDR-scaled.jpg 2560w, https:\/\/www.madreselva.nl\/wp-content\/uploads\/2024\/09\/DJI_0557-HDR-300x200.jpg 300w, https:\/\/www.madreselva.nl\/wp-content\/uploads\/2024\/09\/DJI_0557-HDR-1024x682.jpg 1024w, https:\/\/www.madreselva.nl\/wp-content\/uploads\/2024\/09\/DJI_0557-HDR-768x512.jpg 768w, https:\/\/www.madreselva.nl\/wp-content\/uploads\/2024\/09\/DJI_0557-HDR-1536x1023.jpg 1536w, https:\/\/www.madreselva.nl\/wp-content\/uploads\/2024\/09\/DJI_0557-HDR-2048x1364.jpg 2048w\" sizes=\"auto, (max-width: 2560px) 100vw, 2560px\" \/><div class=\"wp-block-cover__inner-container is-layout-flow wp-block-cover-is-layout-flow\">\n<figure class=\"wp-block-image size-large is-resized wp-duotone-unset-1\"><a href=\"https:\/\/madreselva.w.mytourist.cloud\/nl\/availability\"><img loading=\"lazy\" decoding=\"async\" width=\"1024\" height=\"619\" src=\"https:\/\/www.madreselva.nl\/wp-content\/uploads\/2024\/09\/Afbeelding1-1024x619.png\" alt=\"\" class=\"wp-image-1609\" style=\"width:146px;height:auto\" srcset=\"https:\/\/www.madreselva.nl\/wp-content\/uploads\/2024\/09\/Afbeelding1-1024x619.png 1024w, https:\/\/www.madreselva.nl\/wp-content\/uploads\/2024\/09\/Afbeelding1-300x181.png 300w, https:\/\/www.madreselva.nl\/wp-content\/uploads\/2024\/09\/Afbeelding1-768x465.png 768w, https:\/\/www.madreselva.nl\/wp-content\/uploads\/2024\/09\/Afbeelding1.png 1311w\" sizes=\"auto, (max-width: 1024px) 100vw, 1024px\" \/><\/a><\/figure>\n<\/div><\/div>\n<\/div>\n<\/div>\n<\/div>\n<\/div>\n\n\n\n<h1 class=\"wp-block-heading\">Zorgeloos genieten op Resort Santa Rosalia.<\/h1>\n\n\n\n<p>Santa Rosal\u00eda Lake and Life Resort is een nieuw en indrukwekkend vakantieresort aan de Costa C\u00e1lida. Het ligt tussen het dorpje Torre-Pacheco en de kustplaats Los Alc\u00e1zares. De luxe appartementen van Madreselva zijn gesitueerd rond een centraal park dat alleen bestemd is voor de eigenaren en gasten van de appartementen. Het centrale park is voorzien een spectaculaire lagune met 2 eilanden en een strand van 8.000 m\u00b2, een beachclub en een paar kilometer aan wandelpaden.<\/p>\n\n\n\n<p><a href=\"https:\/\/madreselva.w.mytourist.cloud\/nl\/availability\" data-type=\"URL\" data-id=\"https:\/\/madreselva.nl\/?page_id=1051\" target=\"_blank\" rel=\"noreferrer noopener\">Boek nu!<\/a><\/p>\n\n\n\n<h2 class=\"wp-block-heading\">Madreselva<\/h2>\n\n\n\n<p>Op dit complex is veel aandacht besteed om de ideale vakantie te realiseren. Denk aan sport faciliteiten en eet en drinkgelegenheden. Naast het warme weer kunnen er in de buurt ook genoten worden van een drankje aan het zwembad of strand. <a href=\"https:\/\/madreselva.nl\/?page_id=489\" data-type=\"URL\" data-id=\"https:\/\/madreselva.nl\/?page_id=489\">Lees meer over het resort en de ligging&#8230;&#8230;.<\/a><\/p>\n\n\n\n<p>Wil jij zorgeloos genieten aan het strand of zwembad? <a href=\"https:\/\/madreselva.w.mytourist.cloud\/nl\/availability\" data-type=\"URL\" data-id=\"https:\/\/madreselva.nl\/?page_id=1051\" target=\"_blank\" rel=\"noreferrer noopener\">Boek nu!<\/a><a role=\"button\" href=\"#\"><br><\/a><\/p>\n\n\n\n<figure class=\"wp-block-gallery has-nested-images columns-default is-cropped wp-block-gallery-2 is-layout-flex wp-block-gallery-is-layout-flex\">\n<figure class=\"wp-block-image size-large\"><img loading=\"lazy\" decoding=\"async\" width=\"1024\" height=\"683\" data-id=\"1624\" src=\"https:\/\/www.madreselva.nl\/wp-content\/uploads\/2024\/09\/Solarium-1-1024x683.jpg\" alt=\"\" class=\"wp-image-1624\" srcset=\"https:\/\/www.madreselva.nl\/wp-content\/uploads\/2024\/09\/Solarium-1-1024x683.jpg 1024w, https:\/\/www.madreselva.nl\/wp-content\/uploads\/2024\/09\/Solarium-1-300x200.jpg 300w, https:\/\/www.madreselva.nl\/wp-content\/uploads\/2024\/09\/Solarium-1-768x512.jpg 768w, https:\/\/www.madreselva.nl\/wp-content\/uploads\/2024\/09\/Solarium-1-1536x1024.jpg 1536w, https:\/\/www.madreselva.nl\/wp-content\/uploads\/2024\/09\/Solarium-1-2048x1365.jpg 2048w\" sizes=\"auto, (max-width: 1024px) 100vw, 1024px\" \/><\/figure>\n\n\n\n<figure class=\"wp-block-image size-large\"><img loading=\"lazy\" decoding=\"async\" width=\"1024\" height=\"683\" data-id=\"1620\" src=\"https:\/\/www.madreselva.nl\/wp-content\/uploads\/2024\/09\/Living-1-1024x683.jpg\" alt=\"\" class=\"wp-image-1620\" srcset=\"https:\/\/www.madreselva.nl\/wp-content\/uploads\/2024\/09\/Living-1-1024x683.jpg 1024w, https:\/\/www.madreselva.nl\/wp-content\/uploads\/2024\/09\/Living-1-300x200.jpg 300w, https:\/\/www.madreselva.nl\/wp-content\/uploads\/2024\/09\/Living-1-768x512.jpg 768w, https:\/\/www.madreselva.nl\/wp-content\/uploads\/2024\/09\/Living-1-1536x1024.jpg 1536w, https:\/\/www.madreselva.nl\/wp-content\/uploads\/2024\/09\/Living-1.jpg 2048w\" sizes=\"auto, (max-width: 1024px) 100vw, 1024px\" \/><\/figure>\n\n\n\n<figure class=\"wp-block-image size-large\"><img loading=\"lazy\" decoding=\"async\" width=\"1024\" height=\"683\" data-id=\"1626\" src=\"https:\/\/www.madreselva.nl\/wp-content\/uploads\/2024\/09\/Solarium-3-1024x683.jpg\" alt=\"\" class=\"wp-image-1626\" srcset=\"https:\/\/www.madreselva.nl\/wp-content\/uploads\/2024\/09\/Solarium-3-1024x683.jpg 1024w, https:\/\/www.madreselva.nl\/wp-content\/uploads\/2024\/09\/Solarium-3-300x200.jpg 300w, https:\/\/www.madreselva.nl\/wp-content\/uploads\/2024\/09\/Solarium-3-768x512.jpg 768w, https:\/\/www.madreselva.nl\/wp-content\/uploads\/2024\/09\/Solarium-3-1536x1024.jpg 1536w, https:\/\/www.madreselva.nl\/wp-content\/uploads\/2024\/09\/Solarium-3-2048x1365.jpg 2048w\" sizes=\"auto, (max-width: 1024px) 100vw, 1024px\" \/><\/figure>\n\n\n\n<figure class=\"wp-block-image size-large\"><img loading=\"lazy\" decoding=\"async\" width=\"1024\" height=\"683\" data-id=\"1625\" src=\"https:\/\/www.madreselva.nl\/wp-content\/uploads\/2024\/09\/Solarium-2-1024x683.jpg\" alt=\"\" class=\"wp-image-1625\" srcset=\"https:\/\/www.madreselva.nl\/wp-content\/uploads\/2024\/09\/Solarium-2-1024x683.jpg 1024w, https:\/\/www.madreselva.nl\/wp-content\/uploads\/2024\/09\/Solarium-2-300x200.jpg 300w, https:\/\/www.madreselva.nl\/wp-content\/uploads\/2024\/09\/Solarium-2-768x512.jpg 768w, https:\/\/www.madreselva.nl\/wp-content\/uploads\/2024\/09\/Solarium-2-1536x1024.jpg 1536w, https:\/\/www.madreselva.nl\/wp-content\/uploads\/2024\/09\/Solarium-2-2048x1365.jpg 2048w\" sizes=\"auto, (max-width: 1024px) 100vw, 1024px\" \/><\/figure>\n\n\n\n<figure class=\"wp-block-image size-large\"><img loading=\"lazy\" decoding=\"async\" width=\"1024\" height=\"683\" data-id=\"1627\" src=\"https:\/\/www.madreselva.nl\/wp-content\/uploads\/2024\/09\/Solarium-4-1024x683.jpg\" alt=\"\" class=\"wp-image-1627\" srcset=\"https:\/\/www.madreselva.nl\/wp-content\/uploads\/2024\/09\/Solarium-4-1024x683.jpg 1024w, https:\/\/www.madreselva.nl\/wp-content\/uploads\/2024\/09\/Solarium-4-300x200.jpg 300w, https:\/\/www.madreselva.nl\/wp-content\/uploads\/2024\/09\/Solarium-4-768x512.jpg 768w, https:\/\/www.madreselva.nl\/wp-content\/uploads\/2024\/09\/Solarium-4-1536x1024.jpg 1536w, https:\/\/www.madreselva.nl\/wp-content\/uploads\/2024\/09\/Solarium-4.jpg 2048w\" sizes=\"auto, (max-width: 1024px) 100vw, 1024px\" \/><\/figure>\n\n\n\n<figure class=\"wp-block-image size-large\"><img loading=\"lazy\" decoding=\"async\" width=\"1024\" height=\"683\" data-id=\"1593\" src=\"https:\/\/www.madreselva.nl\/wp-content\/uploads\/2024\/09\/9N3A4996-1024x683.jpg\" alt=\"\" class=\"wp-image-1593\" srcset=\"https:\/\/www.madreselva.nl\/wp-content\/uploads\/2024\/09\/9N3A4996-1024x683.jpg 1024w, https:\/\/www.madreselva.nl\/wp-content\/uploads\/2024\/09\/9N3A4996-300x200.jpg 300w, https:\/\/www.madreselva.nl\/wp-content\/uploads\/2024\/09\/9N3A4996-768x512.jpg 768w, https:\/\/www.madreselva.nl\/wp-content\/uploads\/2024\/09\/9N3A4996-1536x1024.jpg 1536w, https:\/\/www.madreselva.nl\/wp-content\/uploads\/2024\/09\/9N3A4996-2048x1365.jpg 2048w\" sizes=\"auto, (max-width: 1024px) 100vw, 1024px\" \/><\/figure>\n\n\n\n<figure class=\"wp-block-image size-large\"><img loading=\"lazy\" decoding=\"async\" width=\"1024\" height=\"683\" data-id=\"1622\" src=\"https:\/\/www.madreselva.nl\/wp-content\/uploads\/2024\/09\/Slaapkamer-1-1-1024x683.jpg\" alt=\"\" class=\"wp-image-1622\" srcset=\"https:\/\/www.madreselva.nl\/wp-content\/uploads\/2024\/09\/Slaapkamer-1-1-1024x683.jpg 1024w, https:\/\/www.madreselva.nl\/wp-content\/uploads\/2024\/09\/Slaapkamer-1-1-300x200.jpg 300w, https:\/\/www.madreselva.nl\/wp-content\/uploads\/2024\/09\/Slaapkamer-1-1-768x512.jpg 768w, https:\/\/www.madreselva.nl\/wp-content\/uploads\/2024\/09\/Slaapkamer-1-1-1536x1024.jpg 1536w, https:\/\/www.madreselva.nl\/wp-content\/uploads\/2024\/09\/Slaapkamer-1-1-2048x1365.jpg 2048w\" sizes=\"auto, (max-width: 1024px) 100vw, 1024px\" \/><\/figure>\n\n\n\n<figure class=\"wp-block-image size-large\"><img loading=\"lazy\" decoding=\"async\" width=\"1024\" height=\"683\" data-id=\"1619\" src=\"https:\/\/www.madreselva.nl\/wp-content\/uploads\/2024\/09\/Kitchen-1-1024x683.jpg\" alt=\"\" class=\"wp-image-1619\" srcset=\"https:\/\/www.madreselva.nl\/wp-content\/uploads\/2024\/09\/Kitchen-1-1024x683.jpg 1024w, https:\/\/www.madreselva.nl\/wp-content\/uploads\/2024\/09\/Kitchen-1-300x200.jpg 300w, https:\/\/www.madreselva.nl\/wp-content\/uploads\/2024\/09\/Kitchen-1-768x512.jpg 768w, https:\/\/www.madreselva.nl\/wp-content\/uploads\/2024\/09\/Kitchen-1-1536x1024.jpg 1536w, https:\/\/www.madreselva.nl\/wp-content\/uploads\/2024\/09\/Kitchen-1-2048x1365.jpg 2048w\" sizes=\"auto, (max-width: 1024px) 100vw, 1024px\" \/><\/figure>\n\n\n\n<figure class=\"wp-block-image size-large\"><img loading=\"lazy\" decoding=\"async\" width=\"1024\" height=\"682\" data-id=\"1596\" src=\"https:\/\/www.madreselva.nl\/wp-content\/uploads\/2024\/09\/DJI_0542-HDR-1024x682.jpg\" alt=\"\" class=\"wp-image-1596\" srcset=\"https:\/\/www.madreselva.nl\/wp-content\/uploads\/2024\/09\/DJI_0542-HDR-1024x682.jpg 1024w, https:\/\/www.madreselva.nl\/wp-content\/uploads\/2024\/09\/DJI_0542-HDR-300x200.jpg 300w, https:\/\/www.madreselva.nl\/wp-content\/uploads\/2024\/09\/DJI_0542-HDR-768x512.jpg 768w, https:\/\/www.madreselva.nl\/wp-content\/uploads\/2024\/09\/DJI_0542-HDR-1536x1023.jpg 1536w, https:\/\/www.madreselva.nl\/wp-content\/uploads\/2024\/09\/DJI_0542-HDR-2048x1364.jpg 2048w\" sizes=\"auto, (max-width: 1024px) 100vw, 1024px\" \/><\/figure>\n\n\n\n<figure class=\"wp-block-image size-large\"><img loading=\"lazy\" decoding=\"async\" width=\"1024\" height=\"684\" data-id=\"1288\" src=\"https:\/\/madreselva.nl\/wp-content\/uploads\/2023\/03\/Santa-Rosalia-LifeStyle-Resort-by-Premium-Spain-Properties-15-1024x684.jpg\" alt=\"\" class=\"wp-image-1288\" srcset=\"https:\/\/www.madreselva.nl\/wp-content\/uploads\/2023\/03\/Santa-Rosalia-LifeStyle-Resort-by-Premium-Spain-Properties-15-1024x684.jpg 1024w, https:\/\/www.madreselva.nl\/wp-content\/uploads\/2023\/03\/Santa-Rosalia-LifeStyle-Resort-by-Premium-Spain-Properties-15-300x200.jpg 300w, https:\/\/www.madreselva.nl\/wp-content\/uploads\/2023\/03\/Santa-Rosalia-LifeStyle-Resort-by-Premium-Spain-Properties-15-768x513.jpg 768w, https:\/\/www.madreselva.nl\/wp-content\/uploads\/2023\/03\/Santa-Rosalia-LifeStyle-Resort-by-Premium-Spain-Properties-15.jpg 1200w\" sizes=\"auto, (max-width: 1024px) 100vw, 1024px\" \/><\/figure>\n\n\n\n<figure class=\"wp-block-image size-large\"><img loading=\"lazy\" decoding=\"async\" width=\"1024\" height=\"768\" data-id=\"1635\" src=\"https:\/\/www.madreselva.nl\/wp-content\/uploads\/2024\/09\/IMG_7722-1024x768.jpg\" alt=\"\" class=\"wp-image-1635\" srcset=\"https:\/\/www.madreselva.nl\/wp-content\/uploads\/2024\/09\/IMG_7722-1024x768.jpg 1024w, https:\/\/www.madreselva.nl\/wp-content\/uploads\/2024\/09\/IMG_7722-300x225.jpg 300w, https:\/\/www.madreselva.nl\/wp-content\/uploads\/2024\/09\/IMG_7722-768x576.jpg 768w, https:\/\/www.madreselva.nl\/wp-content\/uploads\/2024\/09\/IMG_7722-1536x1152.jpg 1536w, https:\/\/www.madreselva.nl\/wp-content\/uploads\/2024\/09\/IMG_7722-2048x1536.jpg 2048w\" sizes=\"auto, (max-width: 1024px) 100vw, 1024px\" \/><\/figure>\n<\/figure>\n\n\n\n<script src=\"https:\/\/static.elfsight.com\/platform\/platform.js\" data-use-service-core defer><\/script>\n<div class=\"elfsight-app-7fecad86-d214-49af-b826-60827eb2ae5b\" data-elfsight-app-lazy><\/div>\n","protected":false},"excerpt":{"rendered":"<p>Zorgeloos genieten op Resort Santa Rosalia. Santa Rosal\u00eda Lake and Life Resort is een nieuw en indrukwekkend vakantieresort aan de Costa C\u00e1lida. Het ligt tussen het dorpje Torre-Pacheco en de kustplaats Los Alc\u00e1zares. De luxe appartementen van Madreselva zijn gesitueerd rond een centraal park dat&hellip;<\/p>\n","protected":false},"author":1,"featured_media":0,"parent":0,"menu_order":0,"comment_status":"closed","ping_status":"closed","template":"","meta":{"footnotes":""},"class_list":["post-1204","page","type-page","status-publish","hentry"],"_links":{"self":[{"href":"https:\/\/www.madreselva.nl\/index.php?rest_route=\/wp\/v2\/pages\/1204","targetHints":{"allow":["GET"]}}],"collection":[{"href":"https:\/\/www.madreselva.nl\/index.php?rest_route=\/wp\/v2\/pages"}],"about":[{"href":"https:\/\/www.madreselva.nl\/index.php?rest_route=\/wp\/v2\/types\/page"}],"author":[{"embeddable":true,"href":"https:\/\/www.madreselva.nl\/index.php?rest_route=\/wp\/v2\/users\/1"}],"replies":[{"embeddable":true,"href":"https:\/\/www.madreselva.nl\/index.php?rest_route=%2Fwp%2Fv2%2Fcomments&post=1204"}],"version-history":[{"count":50,"href":"https:\/\/www.madreselva.nl\/index.php?rest_route=\/wp\/v2\/pages\/1204\/revisions"}],"predecessor-version":[{"id":1636,"href":"https:\/\/www.madreselva.nl\/index.php?rest_route=\/wp\/v2\/pages\/1204\/revisions\/1636"}],"wp:attachment":[{"href":"https:\/\/www.madreselva.nl\/index.php?rest_route=%2Fwp%2Fv2%2Fmedia&parent=1204"}],"curies":[{"name":"wp","href":"https:\/\/api.w.org\/{rel}","templated":true}]}}